what is 231 - 928?
-697
In base 4, what is -203032121 + 3?
-203032112
In base 4, what is 22300310012023 + -1?
22300310012022
In base 4, what is 13310 - -213001213?
213021123
In base 13, what is 4419 - -12b?
4547
In base 16, what is -4754 + -4c5?
-4c19
In base 12, what is 95 - 1249a?
-12405
In base 9, what is 155877 - 165?
155712
In base 14, what is 5 + -14bd83?
-14bd7c
In base 14, what is -54 + 57048?
56dd4
In base 14, what is d3 + -14464c?
-144559
In base 5, what is -421122102 + -10?
-421122112
In base 10, what is 408 - 24572?
-24164
In base 6, what is 125124 + 10441?
140005
In base 7, what is 4 - -300335011?
300335015
In base 4, what is 233 + 121302300220?
121302301113
In base 12, what is -1b718 - -554?
-1b184
In base 16, what is -11437 - 89?
-114c0
In base 9, what is -4457 + -168724?
-174282
In base 7, what is 20130033 + -6?
20130024
In base 2, what is -10100101 + -101110010101011?
-101110101010000
In base 5, what is 142221103 - 1232?
142214321
In base 4, what is 100120 - -13232?
120012
In base 12, what is 139 - 39624?
-394a7
In base 6, what is -3024024431 - -2?
-3024024425
In base 9, what is 4 - 204251830?
-204251825
In base 13, what is 287491 - 4a?
287444
In base 13, what is 49 + 3216?
3262
In base 14, what is 514677 - -8?
514681
In base 14, what is 1c5 + -2dbb86?
-2db9a1
In base 13, what is -5 - -2b960b?
2b9606
In base 11, what is -80814 + 483?
-80341
In base 5, what is -1203012 - -1012341?
-140121
In base 10, what is -56 + 1760319?
1760263
In base 14, what is 7 + -52d8462?
-52d8459
In base 15, what is -5 + -98ce35?
-98ce3a
In base 6, what is 12303523 - 5?
12303514
In base 3, what is 1 - 10022200212222102?
-10022200212222101
In base 12, what is 18 - 3a435a?
-3a4342
In base 2, what is -10011011100011 + -111010010111001?
-1001101110011100
In base 10, what is 626143001 - 1?
626143000
In base 8, what is 1 + -6502702?
-6502701
In base 6, what is 4 - -1113243?
1113251
In base 8, what is 347 + 77005?
77354
In base 10, what is -583786 - 4?
-583790
In base 7, what is 202246 - 112334?
56612
In base 5, what is -24 - 234410214?
-234410243
In base 6, what is 5340032 - -112?
5340144
In base 12, what is 3 + -141a030a?
-141a0307
In base 7, what is 13 + -1162064?
-1162051
In base 9, what is 8373437 - -4?
8373442
In base 5, what is 0 + 4002021313?
4002021313
In base 11, what is 56396387 - 6?
56396381
In base 12, what is 13a021666 + -3?
13a021663
In base 7, what is 1332010 + 33?
1332043
In base 4, what is -2131211123012 - 22?
-2131211123100
In base 16, what is -58 + -d5cf?
-d627
In base 8, what is 5 - -15360371?
15360376
In base 14, what is -19a - -42070?
41cb4
In base 12, what is 2 - 187841a?
-1878418
In base 13, what is -3 - 172084a?
-1720850
In base 7, what is -4235222 + 25?
-4235164
In base 9, what is -53 + -145078?
-145142
In base 11, what is 2 + -29a8926?
-29a8924
In base 15, what is d + -1409c?
-1408e
In base 12, what is b4a7 + -b?
b498
In base 14, what is ac - 48a8a?
-489bc
In base 3, what is -210100101022222000 + 0?
-210100101022222000
In base 14, what is 2 - -3902c06?
3902c08
In base 5, what is -101302 - -414344?
313042
In base 6, what is -324 - -100403504?
100403140
In base 10, what is -198114 + -16?
-198130
In base 10, what is 7600 - -1084?
8684
In base 10, what is -75178235 - -2?
-75178233
In base 12, what is 1538a1 + -37?
153866
In base 6, what is 214 + 51131115?
51131333
In base 5, what is -1310441301432 + 10?
-1310441301422
In base 12, what is 0 + 5669408?
5669408
In base 13, what is 1c7 - 1a4?
23
In base 13, what is -4 - -133685c?
1336858
In base 2, what is 101111100010100 - 1001111110110?
100101100011110
In base 12, what is -15a5055 - 6?
-15a505b
In base 11, what is 350175 + -25?
350150
In base 14, what is 238 - -118?
352
In base 6, what is -301420310 + 233?
-301420033
In base 15, what is 1 + -3601451?
-3601450
In base 7, what is 63045133 + -60?
63045043
In base 12, what is 0 - -11bba510?
11bba510
In base 6, what is -4 + 24455414133?
24455414125
In base 15, what is -7db - 315a8?
-31d94
In base 11, what is -2248 + 17198?
14a50
In base 5, what is 10334 + -114311443?
-114301104
In base 10, what is 867711 - -3?
867714
In base 16, what is -12 + 22ad7a?
22ad68
In base 4, what is 1033010200030 + -10?
1033010200020
In base 5, what is -304 - 12032342?
-12033201
In base 11, what is 38 + -3a74510?
-3a74483
In base 11, what is -404 - 9653?
-9a57
In base 15, what is -2a3368e - -5?
-2a33689
In base 10, what is -27058 + 2792?
-24266
In base 3, what is 222220212101 + 112102?
222221101210
In base 8, what is 75 + 376273?
376370
In base 3, what is -1001 + 1211100212222110?
1211100212221102
In base 3, what is 2001 - 212010101021101?
-212010101012100
In base 8, what is -47301 - -25?
-47254
In base 15, what is -1ae7589 + -4?
-1ae758d
In base 2, what is -101000001110100111110010 - 10010?
-101000001110101000000100
In base 15, what is 37d18 - 18?
37d00
In base 13, what is 1 + -3238a18?
-3238a17
In base 2, what is -10000011001111010110101 + -1011?
-10000011001111011000000
In base 10, what is 66834 - 6088?
60746
In base 15, what is -bd6a - -12?
-bd58
In base 3, what is 1121 + -1012101010112?
-1012101001221
In base 2, what is -1000000010 + -10110001100110?
-10111001101000
In base 9, what is 18102845 + -12?
18102833
In base 16, what is -37 + -1961b?
-19652
In base 13, what is -1a95a0 - -24a?
-1a9353
In base 2, what is -11011000110011101101 + -11011100?
-11011000110111001001
In base 10, what is 57666312 - -2?
57666314
In base 15, what is 1193a5 - -4b?
119401
In base 4, what is -1323 - 10031113131?
-10031121120
In base 4, what is -22312 + -3023123?
-3112101
In base 16, what is 4 - 65296c3?
-65296bf
In base 5, what is 21222340321 - -10?
21222340331
In base 15, what is 30 - -2b2495?
2b24c5
In base 13, what is -134 - 12098?
-121cc
In base 14, what is 2b1 - -d582?
d853
In base 16, what is -5659c - -24?
-56578
In base 2, what is 10010100 + 111110001001000111?
111110001011011011
In base 2, what is 100101101001101011110 - -1001000100?
100101101010110100010
In base 6, what is -23 + 31144355?
31144332
In base 7, what is -145 - 612635?
-613113
In base 6, what is -101254 + -122534?
-224232
In base 16, what is 41e + 2c11?
302f
In base 15, what is 5b - -419c?
4208
In base 4, what is 300130232 - -220?
300131112
In base 9, what is -401 + -1136361?
-1136762
In base 7, what is -13100 - 13513?
-26613
In base 14, what is -b4 + 65b12?
65a3c
In base 15, what is 379b82 + 5?
379b87
In base 6, what is -14304 + 10351?
-3513
In base 7, what is -341 - 126561635?
-126562306
In base 12, what is 122 - -1a092a6?
1a09408
In base 8, what is -157444 - 60?
-157524
In base 16, what is -ec - 9d006?
-9d0f2
In base 15, what is 22674 - -daa?
2352e
In base 14, what is -14526a3 - -2b?
-1452676
In base 4, what is -13031230 + -13132?
-13111022
In base 5, what is -44341 + -421443?
-1021334
In base 2, what is -1101010001 + -100101101110010101?
-100101111011100110
In base 2, what is 1001001011001111010011 + -10001?
1001001011001111000010
In base 2, what is -10000000 + 101011010110001100?
101011010100001100
In base 6, what is -3 + 350551550?
350551543
In base 9, what is 5 - 21336007?
-21336002
In base 10, what is -1610884 - -10?
-1610874
In base 2, what is -1001000100000 - -11111010111?
-101001001001
In base 8, what is -336255 - 101?
-336356
In base 8, what is -464007202 + 1?
-464007201
In base 12, what is 4 + 1012329?
1012331
In base 10, what is -14 - 683854?
-683868
In base 12, what is -8550 - -3909?
-4843
In base 7, what is 1 + 405642?
405643
In base 3, what is -10100101211001012 - 12?
-10100101211001101
In base 11, what is 2 + -522230?
-522229
In base 16, what is 122e0 - 4a?
12296
In base 2, what is 11101001000011010101 + 11?
11101001000011011000
In base 13, what is 1 + -246b841c?
-246b841b
In base 16, what is 3c4e - -382?
3fd0
In base 6, what is 1 + 330241052?
330241053
In base 16, what is -1 - -30c3fae?
30c3fad
In base 3, what is 1 - 20221202202001200?
-20221202202001122
In base 2, what is -10001110 + -11011010100?
-11101100010
In base 15, what is b9e - 19500?
-18851
In base 5, what is -100201224 + 400?
-100200324
In base 4, what is -3013222122 - 20?
-3013222202
In base 14, what is 4b9a - 830?
436a
In base 12, what is 0 + 3b19646?
3b19646
In base 8, what is -176 - 6722446?
-6722644
In base 4, what is 112 